{"id":9,"date":"2017-10-04T23:21:39","date_gmt":"2017-10-04T21:21:39","guid":{"rendered":"http:\/\/akhiam.org\/tourisme\/?page_id=9"},"modified":"2018-03-29T17:56:52","modified_gmt":"2018-03-29T15:56:52","slug":"tourisme_culturel","status":"publish","type":"page","link":"https:\/\/akhiam.org\/tourisme\/page-d-exemple\/tourisme_culturel\/","title":{"rendered":"Hisorique"},"content":{"rendered":"<ul>\n<ul>\n<li style=\"text-align: justify; text-indent: -18.0pt; margin: 12.0pt 0cm .0001pt 36.0pt;\">\n<p style=\"text-align: justify; margin: 6.0pt 0cm 6.0pt 0cm;\"><span style=\"font-size: 16.0pt; line-height: 107%; font-family: Gabriola;\">La r\u00e9gion d\u2018Imilchil est habit\u00e9e par les berb\u00e8res de la tribu des Ait Hadidou, Conf\u00e9d\u00e9ration des Ait Yafelman, \u00e0 l\u2019exception des habitants des trois villages de nomades, les Ait Abdi.<\/span><\/p>\n<p><img loading=\"lazy\" decoding=\"async\" class=\" wp-image-217 alignright\" style=\"font-family: Gabriola; font-size: 21.3333px;\" src=\"https:\/\/akhiam.org\/tourisme\/wp-content\/uploads\/2018\/02\/2tribu-300x168.jpg\" alt=\"\" width=\"312\" height=\"175\" srcset=\"https:\/\/akhiam.org\/tourisme\/wp-content\/uploads\/2018\/02\/2tribu-300x168.jpg 300w, https:\/\/akhiam.org\/tourisme\/wp-content\/uploads\/2018\/02\/2tribu-174x98.jpg 174w, https:\/\/akhiam.org\/tourisme\/wp-content\/uploads\/2018\/02\/2tribu.jpg 501w\" sizes=\"auto, (max-width: 312px) 100vw, 312px\" \/><\/p>\n<p style=\"text-align: justify; margin: 6.0pt 0cm 6.0pt 0cm;\"><span style=\"font-size: 16.0pt; line-height: 107%; font-family: Gabriola;\">Pasteurs d\u2019origine nomade, les Ait Hadidou sont s\u00e9dentaris\u00e9s depuis le XVII\u00e8me si\u00e8cle dans la vall\u00e9e de l\u2019Assif Melloul. Ils sont r\u00e9put\u00e9s pour \u00eatre encore l\u2019une des tribus les plus traditionnelles du Maroc. <\/span><\/p>\n<p style=\"text-align: justify; margin: 6.0pt 0cm 6.0pt 0cm;\"><span style=\"font-size: 16.0pt; line-height: 107%; font-family: Gabriola;\">La r\u00e9gion d\u2019Imilchil est habit\u00e9e au d\u00e9but par deux tribus : En amont, les Ait Brahim, en aval les Ait Yazza. \u00a0Mais depuis 1992 une autre tribu appel\u00e9e Ait Abdi est rattach\u00e9es administrativement \u00e0 la r\u00e9gion.<\/span><\/p>\n<p style=\"text-align: justify;\"><span style=\"font-size: 16.0pt; line-height: 107%; font-family: Gabriola;\">La localit\u00e9 d&rsquo;Imilchil repr\u00e9sente le symbole de la culture berb\u00e8re de tous \u00a0\u00a0les\u00a0<\/span><a href=\"https:\/\/fr.wikipedia.org\/wiki\/Amazigh\"><span style=\"font-size: 16.0pt; line-height: 107%; font-family: Gabriola; color: windowtext; text-decoration: none; text-underline: none;\">Amazigh<\/span><\/a><span style=\"font-size: 16.0pt; line-height: 107%; font-family: Gabriola;\">\u00a0(toutes tribus confondues) et est connue par plusieurs activit\u00e9s culturelles. L&rsquo;atout d&rsquo;Imilchil r\u00e9side donc, dans la beaut\u00e9 de ses sites historiques et culturels qui se manifeste dans les habitats traditionnels et dans la richesse architecturale de la r\u00e9gion. L&rsquo;architecture traditionnelle des ksour et des kasbas y a r\u00e9alis\u00e9 ses plus beaux chef-d \u2019\u0153uvres. C\u2019est ainsi que la kasba d\u2019Imilchil , d\u2019Oudeddi et du village d\u2019Agdal sont consid\u00e9r\u00e9s par la Direction Provinciale du Tourisme (DPT) comme des sites touristiques dot\u00e9s de grandes valeurs histor<\/span><\/p>\n<p><img loading=\"lazy\" decoding=\"async\" class=\" wp-image-234 alignright\" style=\"font-family: Gabriola; font-size: 21.3333px;\" src=\"https:\/\/akhiam.org\/tourisme\/wp-content\/uploads\/2018\/02\/mousemm_mulet.jpg\" alt=\"\" width=\"231\" height=\"173\" srcset=\"https:\/\/akhiam.org\/tourisme\/wp-content\/uploads\/2018\/02\/mousemm_mulet.jpg 259w, https:\/\/akhiam.org\/tourisme\/wp-content\/uploads\/2018\/02\/mousemm_mulet-174x131.jpg 174w, https:\/\/akhiam.org\/tourisme\/wp-content\/uploads\/2018\/02\/mousemm_mulet-70x53.jpg 70w\" sizes=\"auto, (max-width: 231px) 100vw, 231px\" \/><\/li>\n<\/ul>\n<\/ul>\n<p style=\"text-align: justify; text-indent: -24px;\"><span style=\"font-family: Gabriola;\"><span style=\"font-size: 21.3333px;\">\u00a0<\/span><\/span><\/p>\n<p style=\"text-align: justify;\"><span style=\"font-size: 16.0pt; line-height: 107%; font-family: Gabriola;\">A ces potentialit\u00e9s, s\u2019ajoute les moussems et les manifestations sociales et culturelles dont le plus c\u00e9l\u00e8bre est le fameux Moussem d\u2019Imilchil \u00abMoussem des fian\u00e7ailles\u00a0\u00bb. Cet \u00e9v\u00e9nement s\u2019organise annuellement apr\u00e8s la r\u00e9colte des produits agricoles et l\u2019ach\u00e8vement du travaux agricoles. <\/span><\/p>\n<p style=\"text-align: justify;\"><span style=\"font-size: 16.0pt; line-height: 107%; font-family: Gabriola;\">Il s\u2019agit d\u2019une f\u00eate de mariage collectif organis\u00e9 volontairement \u00e0 la fin de la saison en septembre. Les jours de f\u00eates qui sont anim\u00e9s par la fameuse dense d\u2019Ahidouse ex\u00e9cut\u00e9 par les troupes folkloriques d\u2019Imilchil \u00e0 laquelle seules les femmes veuves et divorc\u00e9es prennent part.<\/span><\/p>\n<p><span style=\"font-size: 16.0pt; line-height: 107%; font-family: Gabriola;\">Le moussem d\u2019Imilchil, comme l&rsquo;exprime son sens \u00e9tymologique porte du grain, ou bien porte d\u2019approvisionnement, est aussi une foire commerciale \u00e0 travers laquelle les habitants de la r\u00e9gion, jadis, \u00e9changent les marchandises et s&rsquo;approvisionnent pour le reste de l&rsquo;ann\u00e9e. Outre l\u2019aspect\u00a0 commercial, le mossem a une vocation religieuse puisqu\u2019il s\u2019organise autour de saint <img loading=\"lazy\" decoding=\"async\" class=\"alignnone size-full wp-image-220\" src=\"https:\/\/akhiam.org\/tourisme\/wp-content\/uploads\/2018\/02\/Ahidous.jpg\" alt=\"\" width=\"276\" height=\"182\" \/>Marabout Sidi Ahmed Oulmaghni, un homme v\u00e9n\u00e9r\u00e9 ayant contribu\u00e9 \u00e0 la r\u00e9sistance pour repousser les Portugais au 16\u00e8me si\u00e8cle. De ce fait le Moussem est connu aussi sous le nom d\u2019Agdoud n\u2019Oulmaghni \u00abrassemblement d\u2019Oulemaghni\u00a0\u00bb.<\/span><\/p>\n","protected":false},"excerpt":{"rendered":"<p>La r\u00e9gion d\u2018Imilchil est habit\u00e9e par les berb\u00e8res de la tribu des Ait Hadidou, Conf\u00e9d\u00e9ration des Ait Yafelman, \u00e0 l\u2019exception des habitants des trois villages de nomades, les Ait Abdi. Pasteurs d\u2019origine nomade, les Ait Hadidou sont s\u00e9dentaris\u00e9s depuis le XVII\u00e8me si\u00e8cle dans la vall\u00e9e de l\u2019Assif Melloul. Ils sont r\u00e9put\u00e9s pour \u00eatre encore l\u2019une des tribus les plus traditionnelles du Maroc. La r\u00e9gion d\u2019Imilchil est habit\u00e9e au d\u00e9but par deux tribus : En amont, les Ait Brahim, en aval les Ait Yazza. \u00a0Mais depuis 1992 une autre tribu appel\u00e9e Ait Abdi est rattach\u00e9es administrativement \u00e0 la r\u00e9gion. La localit\u00e9 d&rsquo;Imilchil repr\u00e9sente le symbole de la culture berb\u00e8re de tous \u00a0\u00a0les\u00a0Amazigh\u00a0(toutes tribus confondues) et est connue par plusieurs activit\u00e9s culturelles. L&rsquo;atout d&rsquo;Imilchil r\u00e9side donc, dans la beaut\u00e9 de ses sites historiques et culturels qui se manifeste dans les habitats traditionnels et dans la richesse architecturale de la r\u00e9gion. L&rsquo;architecture traditionnelle des ksour et des kasbas y a r\u00e9alis\u00e9 ses plus beaux chef-d \u2019\u0153uvres. C\u2019est ainsi que la kasba d\u2019Imilchil , d\u2019Oudeddi et du village d\u2019Agdal sont consid\u00e9r\u00e9s par la Direction Provinciale du Tourisme (DPT) comme des sites touristiques dot\u00e9s de grandes valeurs histor \u00a0 A ces potentialit\u00e9s, s\u2019ajoute les moussems [&#8230;]<\/p>\n","protected":false},"author":1,"featured_media":0,"parent":2,"menu_order":0,"comment_status":"closed","ping_status":"closed","template":"","meta":{"footnotes":""},"class_list":["post-9","page","type-page","status-publish","hentry"],"_links":{"self":[{"href":"https:\/\/akhiam.org\/tourisme\/wp-json\/wp\/v2\/pages\/9","targetHints":{"allow":["GET"]}}],"collection":[{"href":"https:\/\/akhiam.org\/tourisme\/wp-json\/wp\/v2\/pages"}],"about":[{"href":"https:\/\/akhiam.org\/tourisme\/wp-json\/wp\/v2\/types\/page"}],"author":[{"embeddable":true,"href":"https:\/\/akhiam.org\/tourisme\/wp-json\/wp\/v2\/users\/1"}],"replies":[{"embeddable":true,"href":"https:\/\/akhiam.org\/tourisme\/wp-json\/wp\/v2\/comments?post=9"}],"version-history":[{"count":12,"href":"https:\/\/akhiam.org\/tourisme\/wp-json\/wp\/v2\/pages\/9\/revisions"}],"predecessor-version":[{"id":290,"href":"https:\/\/akhiam.org\/tourisme\/wp-json\/wp\/v2\/pages\/9\/revisions\/290"}],"up":[{"embeddable":true,"href":"https:\/\/akhiam.org\/tourisme\/wp-json\/wp\/v2\/pages\/2"}],"wp:attachment":[{"href":"https:\/\/akhiam.org\/tourisme\/wp-json\/wp\/v2\/media?parent=9"}],"curies":[{"name":"wp","href":"https:\/\/api.w.org\/{rel}","templated":true}]}}

<ul>
<ul>
<li style="text-align: justify; text-indent: -18.0pt; margin: 12.0pt 0cm .0001pt 36.0pt;">
<p style="text-align: justify; margin: 6.0pt 0cm 6.0pt 0cm;"><span style="font-size: 16.0pt; line-height: 107%; font-family: Gabriola;">La région d‘Imilchil est habitée par les berbères de la tribu des Ait Hadidou, Confédération des Ait Yafelman, à l’exception des habitants des trois villages de nomades, les Ait Abdi.</span></p>
<p><img loading="lazy" decoding="async" class=" wp-image-217 alignright" style="font-family: Gabriola; font-size: 21.3333px;" src="https://akhiam.org/tourisme/wp-content/uploads/2018/02/2tribu-300x168.jpg" alt="" width="312" height="175" srcset="https://akhiam.org/tourisme/wp-content/uploads/2018/02/2tribu-300x168.jpg 300w, https://akhiam.org/tourisme/wp-content/uploads/2018/02/2tribu-174x98.jpg 174w, https://akhiam.org/tourisme/wp-content/uploads/2018/02/2tribu.jpg 501w" sizes="auto, (max-width: 312px) 100vw, 312px" /></p>
<p style="text-align: justify; margin: 6.0pt 0cm 6.0pt 0cm;"><span style="font-size: 16.0pt; line-height: 107%; font-family: Gabriola;">Pasteurs d’origine nomade, les Ait Hadidou sont sédentarisés depuis le XVIIème siècle dans la vallée de l’Assif Melloul. Ils sont réputés pour être encore l’une des tribus les plus traditionnelles du Maroc. </span></p>
<p style="text-align: justify; margin: 6.0pt 0cm 6.0pt 0cm;"><span style="font-size: 16.0pt; line-height: 107%; font-family: Gabriola;">La région d’Imilchil est habitée au début par deux tribus : En amont, les Ait Brahim, en aval les Ait Yazza.  Mais depuis 1992 une autre tribu appelée Ait Abdi est rattachées administrativement à la région.</span></p>
<p style="text-align: justify;"><span style="font-size: 16.0pt; line-height: 107%; font-family: Gabriola;">La localité d&rsquo;Imilchil représente le symbole de la culture berbère de tous   les </span><a href="https://fr.wikipedia.org/wiki/Amazigh"><span style="font-size: 16.0pt; line-height: 107%; font-family: Gabriola; color: windowtext; text-decoration: none; text-underline: none;">Amazigh</span></a><span style="font-size: 16.0pt; line-height: 107%; font-family: Gabriola;"> (toutes tribus confondues) et est connue par plusieurs activités culturelles. L&rsquo;atout d&rsquo;Imilchil réside donc, dans la beauté de ses sites historiques et culturels qui se manifeste dans les habitats traditionnels et dans la richesse architecturale de la région. L&rsquo;architecture traditionnelle des ksour et des kasbas y a réalisé ses plus beaux chef-d ’œuvres. C’est ainsi que la kasba d’Imilchil , d’Oudeddi et du village d’Agdal sont considérés par la Direction Provinciale du Tourisme (DPT) comme des sites touristiques dotés de grandes valeurs histor</span></p>
<p><img loading="lazy" decoding="async" class=" wp-image-234 alignright" style="font-family: Gabriola; font-size: 21.3333px;" src="https://akhiam.org/tourisme/wp-content/uploads/2018/02/mousemm_mulet.jpg" alt="" width="231" height="173" srcset="https://akhiam.org/tourisme/wp-content/uploads/2018/02/mousemm_mulet.jpg 259w, https://akhiam.org/tourisme/wp-content/uploads/2018/02/mousemm_mulet-174x131.jpg 174w, https://akhiam.org/tourisme/wp-content/uploads/2018/02/mousemm_mulet-70x53.jpg 70w" sizes="auto, (max-width: 231px) 100vw, 231px" /></li>
</ul>
</ul>
<p style="text-align: justify; text-indent: -24px;"><span style="font-family: Gabriola;"><span style="font-size: 21.3333px;"> </span></span></p>
<p style="text-align: justify;"><span style="font-size: 16.0pt; line-height: 107%; font-family: Gabriola;">A ces potentialités, s’ajoute les moussems et les manifestations sociales et culturelles dont le plus célèbre est le fameux Moussem d’Imilchil «Moussem des fiançailles ». Cet événement s’organise annuellement après la récolte des produits agricoles et l’achèvement du travaux agricoles. </span></p>
<p style="text-align: justify;"><span style="font-size: 16.0pt; line-height: 107%; font-family: Gabriola;">Il s’agit d’une fête de mariage collectif organisé volontairement à la fin de la saison en septembre. Les jours de fêtes qui sont animés par la fameuse dense d’Ahidouse exécuté par les troupes folkloriques d’Imilchil à laquelle seules les femmes veuves et divorcées prennent part.</span></p>
<p><span style="font-size: 16.0pt; line-height: 107%; font-family: Gabriola;">Le moussem d’Imilchil, comme l&rsquo;exprime son sens étymologique porte du grain, ou bien porte d’approvisionnement, est aussi une foire commerciale à travers laquelle les habitants de la région, jadis, échangent les marchandises et s&rsquo;approvisionnent pour le reste de l&rsquo;année. Outre l’aspect  commercial, le mossem a une vocation religieuse puisqu’il s’organise autour de saint <img loading="lazy" decoding="async" class="alignnone size-full wp-image-220" src="https://akhiam.org/tourisme/wp-content/uploads/2018/02/Ahidous.jpg" alt="" width="276" height="182" />Marabout Sidi Ahmed Oulmaghni, un homme vénéré ayant contribué à la résistance pour repousser les Portugais au 16ème siècle. De ce fait le Moussem est connu aussi sous le nom d’Agdoud n’Oulmaghni «rassemblement d’Oulemaghni ».</span></p>

<p>La région d‘Imilchil est habitée par les berbères de la tribu des Ait Hadidou, Confédération des Ait Yafelman, à l’exception des habitants des trois villages de nomades, les Ait Abdi. Pasteurs d’origine nomade, les Ait Hadidou sont sédentarisés depuis le XVIIème siècle dans la vallée de l’Assif Melloul. Ils sont réputés pour être encore l’une des tribus les plus traditionnelles du Maroc. La région d’Imilchil est habitée au début par deux tribus : En amont, les Ait Brahim, en aval les Ait Yazza.  Mais depuis 1992 une autre tribu appelée Ait Abdi est rattachées administrativement à la région. La localité d&rsquo;Imilchil représente le symbole de la culture berbère de tous   les Amazigh (toutes tribus confondues) et est connue par plusieurs activités culturelles. L&rsquo;atout d&rsquo;Imilchil réside donc, dans la beauté de ses sites historiques et culturels qui se manifeste dans les habitats traditionnels et dans la richesse architecturale de la région. L&rsquo;architecture traditionnelle des ksour et des kasbas y a réalisé ses plus beaux chef-d ’œuvres. C’est ainsi que la kasba d’Imilchil , d’Oudeddi et du village d’Agdal sont considérés par la Direction Provinciale du Tourisme (DPT) comme des sites touristiques dotés de grandes valeurs histor   A ces potentialités, s’ajoute les moussems [&#8230;]</p>
